. What are the prime factors of h(-19)?
2, 5, 353
Let u = 62073 - 22303. What are the prime factors of u?
2, 5, 41, 97
What are the prime factors of 9506 + 72/(4 + -8)?
2, 593
List the prime factors of (-2)/(-7) + 13 + (4668540/140 - -15).
3, 5, 89
Suppose -3*t - 5*j = -11172, 418*t = 422*t - 4*j - 14928. List the prime factors of t.
3, 11, 113
Suppose -150*p = -153*p + 76020. What are the prime factors of p?
2, 5, 7, 181
Suppose 2*c = 4*l - 2*l + 42, -3*l = -4*c + 64. Let n = l - -130. Suppose n = r - 72. What are the prime factors of r?
2, 7, 13
Suppose -3*q + 19613 = 5*o, 0 = -4*o + 2*q + 7989 + 7719. What are the prime factors of o?
5, 157
Let l(q) = -25*q + 34. Let i(d) = 26*d - 33. Let h(o) = 6*i(o) + 7*l(o). Let f be h(-8). Let n = f - 93. List the prime factors of n.
3, 11
Let b(p) = -3*p**2 + 910*p + 74. What are the prime factors of b(67)?
3, 15859
Suppose -13*t - 72 = -15*t. Suppose 3*a + 27 - t = 0. Suppose -3*j + 5*r + 12 + 2 = 0, a*j = 3*r + 18. List the prime factors of j.
2
Suppose -2*i - 3*q - 23 = -29, 4*q - 15 = -5*i. Suppose -j + 3*o + 628 = -139, i*j + 5*o = 2231. List the prime factors of j.
2, 47
Let n(s) = -19*s + 27. Suppose 2*g = 3*f - 5 - 16, -2*f = 4*g + 34. What are the prime factors of n(g)?
2, 3, 11
Let r(a) = 111*a**2 - 58*a - 931. List the prime factors of r(-13).
2, 3, 19, 163
Let w = -1762 + 8994. List the prime factors of w.
2, 113
Let u be 37*6/(-30) - 2/(-5). Let q be (0 + u)/((-244)/124 - -2). Let j = q - -310. List the prime factors of j.
3, 31
Let j be (55 - 1)*(-1)/(-6)*56. Suppose -64*w = -68*w + j. What are the prime factors of w?
2, 3, 7
Let x be (-6)/(6 + -2 - 6). Let j(p) = 51*p + 12. Let l be j(x). Suppose 10*g - l = 5*g. List the prime factors of g.
3, 11
Let o(h) = 13645*h - 137. What are the prime factors of o(2)?
3, 7, 431
Let d = -437 - -449. Suppose 1431 = d*n - 4161. What are the prime factors of n?
2, 233
Suppose 46 = 4*b - 138. Suppose -f - b = -212. List the prime factors of f.
2, 83
Let v(l) = 18*l - 16. Let p be v(10). Let u(f) = -f**3 + 20*f**2 + 18*f - 13. Let h be u(21). Let d = p + h. What are the prime factors of d?
2, 11
Let n(w) = 19*w**2 - 5*w + 2. Let h be n(-4). Let q = h + -130. List the prime factors of q.
2, 7
Let g(o) = 12*o**2 + 120*o + 293. List the prime factors of g(-33).
7, 17, 79
Let k = -10 - -18. Suppose -135 = -v + k. Suppose -2*m + v = 7. List the prime factors of m.
2, 17
Let a be -1*(-340 + (2 - 0)). Let b = 503 - a. List the prime factors of b.
3, 5, 11
Suppose a = 303*x - 299*x + 9090, 4*a - 4*x = 36408. List the prime factors of a.
2, 29, 157
What are the prime factors of (-8)/(144/101835)*(-30)/25?
3, 31, 73
Suppose o = -2*y + 106, 4*o + 5*y - 43 = 396. Suppose -5*t + o = x - 6127, 5*x = 4*t - 4977. What are the prime factors of t?
2, 3, 13
Let n = -69 + 73. Suppose 7*w = -n*w + 5225. What are the prime factors of w?
5, 19
Let y be -1 - -3 - 88/(-11). Let u(h) be the second derivative of h**4/12 + h**3/6 + 9*h**2/2 - 7*h. What are the prime factors of u(y)?
7, 17
Suppose -10 = 5*k + 5. Let z(b) = 12*b**3 + 7*b**2 - 6*b + 3. Let h be z(2). Let t = h - k. List the prime factors of t.
2, 59
Suppose -7495 = 16*d + 4889. List the prime factors of ((-5)/(-15))/((-2)/d).
3, 43
Suppose -299*i + 301*i - 104 = 0. Suppose -3848 = -60*j + i*j. What are the prime factors of j?
13, 37
Suppose 0 = 155*m - 162*m + 5166. List the prime factors of m.
2, 3, 41
Suppose -17*c = -15*c + 8, 79 = -5*h - c. List the prime factors of (h - -17)*(-7)/(-8)*292.
7, 73
Let z = -735 - -408. Suppose -3*x = -2*x + 192. Let y = x - z. What are the prime factors of y?
3, 5
Suppose 2*c - 4*g + 416 = 0, -7*g = -2*c - 2*g - 411. Let d = 297 + c. What are the prime factors of d?
79
Let h(y) = -y**3 + 40*y**2 + 98*y - 194. List the prime factors of h(39).
19, 271
Suppose 3*f = 4*o - 171, 2*o + 2*o + 3*f = 165. Let r = 902 - 896. List the prime factors of ((-1)/((-14)/12))/(r/o).
2, 3
Suppose -3*r + 9007 = -p, -12012 = -4*r + 3*p + p. Suppose 4*w + 642 = r. What are the prime factors of w?
2, 5, 59
Let i(t) = 67 - 3*t**3 - 11*t**2 + 16*t - 50 - 13*t**2. List the prime factors of i(-11).
2, 3, 5, 31
Let b be (-1)/((-2)/(1 + 954/2)). Let j = b - 150. List the prime factors of j.
89
Let k be ((-12)/(-14))/(5856/(-1953) + 3). What are the prime factors of (k + 2)/5 - 4 - 0?
2, 3
Suppose 0 = 2*h - 2*k, 2*h + 3*k - 15 = -0. Suppose 5*n - 1250 = -3*v, -3*v - h*n = 309 - 1569. What are the prime factors of v?
5, 17
Let o = 10 - 6. Suppose 7*s = 9*s - o. Suppose -s*y + 10 = -3*p + 239, -3*p + 3*y = -234. List the prime factors of p.
73
Let r(f) = 754*f + 325. List the prime factors of r(10).
5, 11, 13
Let t = 37468 + -8892. What are the prime factors of t?
2, 19, 47
Let z be (-13)/((-39)/(-18)) + 5. What are the prime factors of (-11)/(((-3)/(-141))/z)?
11, 47
Let s(b) = b**2 - 18*b - 16. Suppose y - 1 = -8. Let z(m) = -9*m - 8. Let v(h) = y*z(h) + 3*s(h). What are the prime factors of v(-6)?
2, 31
What are the prime factors of (-1)/9 + (14 - (-465703)/63)?
2, 7, 23
Let d(n) = -n**3 + 19*n**2 - 25*n - 9. Let z be d(18). Let l be (z/4)/(-9) + 2/8. List the prime factors of (-1)/((l/1)/(-496)).
2, 31
Suppose 1651650 = 52*n + 444991 - 551409. What are the prime factors of n?
33809
Let l(b) = -27*b**2 + 138*b + 57. Let r(o) = -12*o**2 + 69*o + 28. Let c(p) = 3*l(p) - 7*r(p). What are the prime factors of c(33)?
5, 193
Let l(s) = s**3 - 8*s**2 + 40*s + 161. List the prime factors of l(22).
7817
Let a = -189 - -123. Let t = a - -69. Suppose 0 = 3*n - t*c - 207, -n - 3*c = 2*n - 189. List the prime factors of n.
2, 3, 11
Suppose 43*f - 540380 = -86797 + 1575974. What are the prime factors of f?
3, 15733
Suppose 0*a - 292 = -4*a. Let f = a + -199. Let h = -70 - f. List the prime factors of h.
2, 7
Let t(d) = 15*d**2 - 1146*d - 52. What are the prime factors of t(101)?
37217
Let i(u) be the first derivative of -3*u**4/4 + 2*u**2 - 21*u + 63. What are the prime factors of i(-6)?
3, 67
Suppose 2*m - 3*v - 1 = -70, -2*m - v = 73. Let t = m + 30. List the prime factors of 1*4 + (10*-153)/t.
7, 37
List the prime factors of (53856/2)/4 + -15.
3, 2239
Let z be -6 - (-2 + (3 - -213)). Let x = -23 - z. List the prime factors of x.
197
List the prime factors of (4647/(-3))/(2*(7 + 1)/(-48)).
3, 1549
Let n(u) = 125*u**3 + u**2 - 2*u - 3. Let p(t) = t**3 + t**2 + 1. Let i(b) = n(b) + 4*p(b). Let z be i(3). What are the prime factors of z/91 + (-2)/(-7)?
3, 13
Suppose 799*x = 761*x + 1291582. List the prime factors of x.
41, 829
Let i(a) = 3*a**2 + 2*a + 10. Suppose -r + 1 = 0, -5*p - r - 2*r = 52. List the prime factors of i(p).
3, 13
Let g(m) = 3275*m - 79. What are the prime factors of g(9)?
2, 7349
Let d be (1 - (2 + -3))/(-1). Let q = 7 + -10. What are the prime factors of d - (q/5 - 3670/50)?
2, 3
Let x = 169 + 84. Let p = x - -63. Let l = p - 180. List the prime factors of l.
2, 17
Let c = -104 + 17. Let n = c - -92. What are the prime factors of n?
5
Let q(z) = -767*z + 1878. List the prime factors of q(-21).
3, 5, 11, 109
Let g(q) = 49*q + 131. Let s(v) = 2*v + 2. Let w(x) = g(x) + 4*s(x). What are the prime factors of w(10)?
709
Suppose -81*p + 83*p - 22 = 0. Suppose 7*q + 5*u = p*q - 627, 0 = q + 4*u - 162. What are the prime factors of q?
2, 79
Let c be 266/(-21) + (1/1)/(-3). Let w(n) = n**2 - 4*n - 63. List the prime factors of w(c).
2, 79
Let h(v) = 4329*v - 231. What are the prime factors of h(1)?
2, 3, 683
Suppose 0 = -n - 4, 11*n = -5*f + 6*n - 5590. What are the prime factors of (-67 - -70)*-2*f/12?
557
Let p = 1410 - 144. What are the prime factors of p?
2, 3, 211
Suppose 2*g + 40*s - 42*s = 32092, 3*s = 6. What are the prime factors of g?
2, 17, 59
Let s = -140896 - -204922. List the prime factors of s.
2, 3, 3557
What are the prime factors of 32/(3200/730140)*5?
3, 43, 283
Suppose -30*q + 264553 = -248117. List the prime factors of q.
23, 743
Let g be (-2 + 1)*(1 + -4). Suppose 0 = 4*q - o + 35, q = -0*q + g*o - 6. Let h = 77 - q. What are the prime factors of h?
2, 43
Let h(w) = -16*w**3 - 56*w**2 + 6*w - 25. Let z(m) = 3*m**3 + 11*m**2 - m + 5. Let i(o) = -2*h(o) - 11*z(o). List the prime factors of i(-9).
2
Suppose -2*p + 7*p = p. Suppose 3*x = 3*u + 18, 2*x + p*x + 4*u = 0. Suppose -2*z + 0*m = 4